{"id":524,"date":"2023-01-05T14:04:13","date_gmt":"2023-01-05T14:04:13","guid":{"rendered":"https:\/\/huvikoolid.mulgivald.ee\/abja-muusikakool\/?page_id=524"},"modified":"2024-11-19T22:19:10","modified_gmt":"2024-11-19T20:19:10","slug":"abja-muusikakoolis-tootanud-opetajad","status":"publish","type":"page","link":"https:\/\/huvikoolid.mulgivald.ee\/abja-muusikakool\/abja-muusikakoolis-tootanud-opetajad\/","title":{"rendered":"Abja Muusikakoolis T\u00f6\u00f6tanud \u00d5petajad"},"content":{"rendered":"\t\t<div data-elementor-type=\"wp-page\" data-elementor-id=\"524\" class=\"elementor elementor-524\" data-elementor-settings=\"{&quot;ha_cmc_init_switcher&quot;:&quot;no&quot;}\" data-elementor-post-type=\"page\">\n\t\t\t\t\t\t<section class=\"elementor-section elementor-top-section elementor-element elementor-element-667b5ab elementor-section-boxed elementor-section-height-default elementor-section-height-default\" data-id=\"667b5ab\" data-element_type=\"section\" data-e-type=\"section\" data-settings=\"{&quot;background_background&quot;:&quot;classic&quot;,&quot;jet_parallax_layout_list&quot;:[]}\">\n\t\t\t\t\t\t\t<div class=\"elementor-background-overlay\"><\/div>\n\t\t\t\t\t\t\t<div class=\"elementor-container elementor-column-gap-default\">\n\t\t\t\t\t<div class=\"elementor-column elementor-col-100 elementor-top-column elementor-element elementor-element-5184c51\" data-id=\"5184c51\" data-element_type=\"column\" data-e-type=\"column\">\n\t\t\t<div class=\"elementor-widget-wrap elementor-element-populated\">\n\t\t\t\t\t\t<div class=\"elementor-element elementor-element-ab7a0f3 elementor-invisible elementor-widget elementor-widget-heading\" data-id=\"ab7a0f3\" data-element_type=\"widget\" data-e-type=\"widget\" data-settings=\"{&quot;_animation_delay&quot;:&quot;200&quot;,&quot;_animation&quot;:&quot;fadeInUp&quot;}\" data-widget_type=\"heading.default\">\n\t\t\t\t<div class=\"elementor-widget-container\">\n\t\t\t\t\t<h1 class=\"elementor-heading-title elementor-size-default\">Abja Muusikakoolis t\u00f6\u00f6tanud \u00f5petajate nimekiri<\/h1>\t\t\t\t<\/div>\n\t\t\t\t<\/div>\n\t\t\t\t\t<\/div>\n\t\t<\/div>\n\t\t\t\t\t<\/div>\n\t\t<\/section>\n\t\t\t\t<section class=\"elementor-section elementor-top-section elementor-element elementor-element-29744de elementor-section-boxed elementor-section-height-default elementor-section-height-default\" data-id=\"29744de\" data-element_type=\"section\" data-e-type=\"section\" data-settings=\"{&quot;jet_parallax_layout_list&quot;:[]}\">\n\t\t\t\t\t\t<div class=\"elementor-container elementor-column-gap-default\">\n\t\t\t\t\t<div class=\"elementor-column elementor-col-100 elementor-top-column elementor-element elementor-element-5010843\" data-id=\"5010843\" data-element_type=\"column\" data-e-type=\"column\">\n\t\t\t<div class=\"elementor-widget-wrap elementor-element-populated\">\n\t\t\t\t\t\t<div class=\"elementor-element elementor-element-f83c8ca elementor-widget elementor-widget-text-editor\" data-id=\"f83c8ca\" data-element_type=\"widget\" data-e-type=\"widget\" data-widget_type=\"text-editor.default\">\n\t\t\t\t<div class=\"elementor-widget-container\">\n\t\t\t\t\t\t\t\t\t<table dir=\"ltr\" border=\"1\" cellspacing=\"0\" cellpadding=\"0\" data-sheets-root=\"1\" data-sheets-baot=\"1\"><colgroup><col width=\"123\" \/><col width=\"153\" \/><col width=\"209\" \/><\/colgroup><tbody><tr><td>NIMI<\/td><td>ERIALA<\/td><td>T\u00d6\u00d6TAMISE AEG<\/td><\/tr><tr><td>Kalle Tamra<\/td><td>klaver, \u00fcldained<\/td><td>1961 s\u00fcgis &#8211; 1966 kevad<\/td><\/tr><tr><td>Maie Tamra<\/td><td>solfed\u017eo, klaver<\/td><td>1961 s\u00fcgis &#8211; 1966 kevad<\/td><\/tr><tr><td>Olga Djukova<\/td><td>klaver<\/td><td>1961 s\u00fcgis &#8211; 1964 kevad<\/td><\/tr><tr><td>Rosalie Kannik<br \/>(Ralja)<\/td><td>akordion, dirigeerimine<\/td><td>1961 s\u00fcgis &#8211; 01.juuli 1992,<br \/>15.jaan. 1997 &#8211; 08.10.2008<\/td><\/tr><tr><td>Sirje Seppel<br \/>(Kuusk)<\/td><td>klaver<\/td><td>1962 sept. &#8211; nov.<\/td><\/tr><tr><td>Ivi-Heljo Toomj\u00f5e<br \/>(Harju)<\/td><td>\u00fcldklaver, solfed\u017eo,<br \/>koorijuht<\/td><td>1962 sept. &#8211; 1964 mai,<br \/>1973 aug. &#8211; 1975 mai,<br \/>01.veebr. 1993 &#8211; 1998 dets.<\/td><\/tr><tr><td>Valdur Parksepp<\/td><td>akordion<\/td><td>1962 s\u00fcgis &#8211; 1963 s\u00fcgis<\/td><\/tr><tr><td>Kalju Terras<\/td><td>klaver, trompet<\/td><td>1964 veebr. &#8211; nov.,<br \/>1967 dets. &#8211; 1975 juuli<\/td><\/tr><tr><td>Maija Raigas<\/td><td>solfed\u017eo, \u00fcldklaver<\/td><td>1963\/64 \u00f5.-a.<\/td><\/tr><tr><td>Reet R\u00e4ppo<br \/>(Kivilaan)<\/td><td>klaver, \u00fcldained,<br \/>eelklass<\/td><td>1964 aug. &#8211; 27.aug. 1969<br \/>1972 sept. &#8211; 1975 kevad<\/td><\/tr><tr><td>Leida Truumees<br \/>(Viira)<\/td><td>akordion<\/td><td>1964 sept. &#8211; 06.aug. 1975<\/td><\/tr><tr><td>Ene Metsj\u00e4rv<\/td><td>klaver<\/td><td>1965 sept. &#8211; okt.<\/td><\/tr><tr><td>Vello Anso<\/td><td>klarnet<\/td><td>1965 sept. &#8211; 1966 okt.<\/td><\/tr><tr><td>Kalle Lindi<\/td><td>literatuuri illustraator<\/td><td>1965\/66 \u00f5.-a.<\/td><\/tr><tr><td>Maile Pebre<br \/>(Harik)<\/td><td>\u00fcldained, klaver,<br \/>literatuur<\/td><td>1966 sept. &#8211; 1970 aug.<\/td><\/tr><tr><td>Hain J\u00fcris<\/td><td>trompet<\/td><td>1966 sept. &#8211; 1966 okt.<\/td><\/tr><tr><td>Helve Lumi<br \/>(Kase)<\/td><td>solfed\u017eo, \u00fcldained<\/td><td>1966 aug. &#8211; 10.dets. 1980<\/td><\/tr><tr><td>Andres Kase<\/td><td>klaver<\/td><td>1966 aug. &#8211; 13.sept. 1981<\/td><\/tr><tr><td>Endel Priilinn<\/td><td>klarnet<\/td><td>01.nov. 1966 &#8211; 15.aug. 1970,<br \/>10.nov. 1970 &#8211; 01.dets. 1972<\/td><\/tr><tr><td>Liine Pebre<\/td><td>klaver<\/td><td>2. I &#8211; 31. I 1967<\/td><\/tr><tr><td>Ants Nurk<\/td><td>klaver<\/td><td>01.aug. &#8211; 18.nov. 1968<\/td><\/tr><tr><td>Elle Olm<\/td><td>\u00fcldained<\/td><td>1969\/70 \u00f5.a.,<br \/>1971\/72 \u00f5.a. (asendused)<\/td><\/tr><tr><td>Moonika Klaas<\/td><td>literatuur, \u00fcldained<\/td><td>1970 aug. &#8211; 1974 sept.<\/td><\/tr><tr><td>Rein Viitas<\/td><td>akordion<\/td><td>1970\/71 \u00f5.a.<\/td><\/tr><tr><td>Aleksander Verte<\/td><td>klarnet, trompet,<br \/>kitarr, fl\u00f6\u00f6t,<br \/>plokkfl\u00f6\u00f6t, l\u00f6\u00f6kpillid<\/td><td>1970 sept. &#8211; okt.<br \/>01.dets. 1972 &#8211; 27.sept. 1980<\/td><\/tr><tr><td>T\u00f5nu Pruuli<\/td><td>klaver<\/td><td>jaan. &#8211; mai 1970<br \/>1971\/72 \u00f5.a., 1973 m\u00e4rts<br \/>1974\/75, 75\/76, 1981\/82<\/td><\/tr><tr><td>Anne Ibrus<br \/>(Saaret)<\/td><td>akordion<\/td><td>1971 aug. &#8211; 1973 aug.<\/td><\/tr><tr><td>Sirje Pihu<\/td><td>viiul, \u00fcldained<\/td><td>1971 aug. &#8211; 1974 sept.<\/td><\/tr><tr><td>Maris Piir<\/td><td>akordion, literatuur,<br \/>\u00fcldained<\/td><td>1972\/73 \u00f5.a.<\/td><\/tr><tr><td>Merike R\u00fcdiger<\/td><td>akordion<\/td><td>1973 aug. &#8211; 1975 kevad<br \/>1978\/79 \u00f5.a.<\/td><\/tr><tr><td>Vallo Taar<\/td><td>trompet, literatuur,<br \/>\u00fcldained<\/td><td>01.aug. 1973 &#8211; 19.mai 1974<br \/>1980\/81 \u00f5.a.<\/td><\/tr><tr><td>Enno Eiki<\/td><td>klarnet<\/td><td>1974\/75 \u00f5.a.<\/td><\/tr><tr><td>Aino Ilm<br \/>(Siniv\u00e4li)<\/td><td>literatuur, akordion<\/td><td>10.sept. 1974 &#8211; 13.jaan. 1975<br \/>1975\/76 \u00f5.a.<\/td><\/tr><tr><td>Katrin Sarapuu<br \/>(Keerma)<\/td><td>\u00fcldained, literatuur<\/td><td>15.sept. 1974 &#8211; 1975 kevad<\/td><\/tr><tr><td>Tiiu Tolm<br \/>(J\u00f5gi)<\/td><td>klaver<\/td><td>1974\/75 \u00f5.a.,<br \/>01.sept. 1989 &#8211; t\u00e4naseni<\/td><\/tr><tr><td>Ene Jerlov<br \/>(varem Mets)<\/td><td>literatuur, akordion<\/td><td>13.jaan. 1975 &#8211; 01.mai 1978<\/td><\/tr><tr><td>Olev Raal<\/td><td>klaver, \u00fcldained<\/td><td>01.aug. 1975 &#8211; 04.nov. 1975<br \/>01.dets. 1976 &#8211; t\u00e4naseni<\/td><\/tr><tr><td>Piret Kuld<\/td><td>viiul<\/td><td>aug. 1975 &#8211; 21.m\u00e4rts 1977<\/td><\/tr><tr><td>Malle K\u00e4\u00e4ra<\/td><td>akordion<\/td><td>01.sept. 1975 &#8211; 12.jaan. 1976<\/td><\/tr><tr><td>Tiia Tats<br \/>(Parmo)<\/td><td>literatuur, \u00fcldained<\/td><td>01.sept. 1975 &#8211; 1977 kevad<\/td><\/tr><tr><td>Liivi Sooaluste<\/td><td>literatuur, \u00fcldained<\/td><td>26.jaan. 1976 &#8211; kevad 1976 ??<\/td><\/tr><tr><td>Marta Kartau<\/td><td>klaver, \u00fcldained<\/td><td>04.nov. 1975 &#8211; 1978 aug.<\/td><\/tr><tr><td>Heinrich Urbel<\/td><td>viiul<\/td><td>veebr. &#8211; m\u00e4rts 1976,<br \/>1976 sept. &#8211; 1978 aug.<\/td><\/tr><tr><td>Rene T\u00f5nts<br \/>(Jukk)<\/td><td>akordion<\/td><td>aug. 1976 &#8211; 01.jaan. 1979<\/td><\/tr><tr><td>Mai Urba<\/td><td>literatuur, \u00fcldained,<br \/>solfed\u017eo<\/td><td>1978 aug. &#8211; 1981 aug.<\/td><\/tr><tr><td>Ringa Avasaar<br \/>(Vaiksaar)<\/td><td>viiul<\/td><td>1978 sept. &#8211; 1980 mai<br \/>1983\/84 \u00f5.a.<\/td><\/tr><tr><td>Helmi Truss<br \/>(V\u00e4rk)<\/td><td>akordion, fl\u00f6\u00f6t,<br \/>plokkfl\u00f6\u00f6t<\/td><td>01.aug. 1979 &#8211; t\u00e4naseni<\/td><\/tr><tr><td>Valdo V\u00e4rk<\/td><td>akordion, literatuur,<br \/>basskitarr, l\u00f6\u00f6kpillid,<br \/>trompet<\/td><td>01.sept. 1980 &#8211; t\u00e4naseni<\/td><\/tr><tr><td>Tiina Kattai<\/td><td>viiul<\/td><td>1980\/81 \u00f5.a.<\/td><\/tr><tr><td>\u00dclle Luutre<\/td><td>klaver<\/td><td>1980\/81 \u00f5.a.<\/td><\/tr><tr><td>Maiu Hansen<br \/>(Rosenfeldt)<\/td><td>viiul<\/td><td>01.aug. 1981 &#8211; 01.veebr. 1983<\/td><\/tr><tr><td>Eda Muni<\/td><td>klaver<\/td><td>1981\/82 \u00f5.a.<\/td><\/tr><tr><td>Malle Heinsalu<\/td><td>klaver<\/td><td>14.sept. 1981 &#8211; 28.aug. 1982<\/td><\/tr><tr><td>Maarika R\u00f5igas<\/td><td>\u00fcldained<\/td><td>15.okt. 1981 &#8211; 10.aug. 1982<\/td><\/tr><tr><td>Riho Putnik<\/td><td>kitarr<\/td><td>1981 s\u00fcgis &#8211; 01.apr. 1982<\/td><\/tr><tr><td>Anne Velt<br \/>(P\u00e4\u00e4suke)<\/td><td>solfed\u017eo, \u00fcldained<\/td><td>01.sept. 1982 &#8211; 1987 s\u00fcgis??<\/td><\/tr><tr><td>Marika Ralja<br \/>(Rosenfeldt)<\/td><td>\u00fcldained, illustraator<\/td><td>01.sept. 1982 &#8211; 1986 s\u00fcgis<\/td><\/tr><tr><td>Ruth P\u00f5ldvee<br \/>(M\u00f5ttus)<\/td><td>klaver, \u00fcldained,<br \/>solfed\u017eo<\/td><td>01.aug. 1983 &#8211; t\u00e4naseni<\/td><\/tr><tr><td>Erlend Jantsikene<\/td><td>solfed\u017eo, plokkfl\u00f6\u00f6t,<br \/>\u00fcldained, illustraator<\/td><td>1983 aug. &#8211; 1985 mai,<br \/>1990\/1991 \u00f5.a.<\/td><\/tr><tr><td>Ene Matesen<\/td><td>\u00fcldained, solfed\u017eo<\/td><td>1983 sept. &#8211; 1986 mai<\/td><\/tr><tr><td>Reet Soosaar<\/td><td>klaver, solfed\u017eo,<br \/>literatuur<\/td><td>1985 sept. &#8211; 2003 kevad<\/td><\/tr><tr><td>Merle Ravand<\/td><td>literatuur, \u00fcldained<\/td><td>01.aug. 1986 &#8211; 1989 kevad<\/td><\/tr><tr><td>Anneli H\u00fcvato<\/td><td>klaver<\/td><td>01.aug. 1986 &#8211; 1989 kevad<\/td><\/tr><tr><td>Anne M\u00e4gi<\/td><td>solfed\u017eo, \u00fcldained<\/td><td>01.sept. 1987 &#8211; 01.jaan. 1993<\/td><\/tr><tr><td>Astrid Kuusk<\/td><td>akordion, \u00fcldained<\/td><td>sept. 1989 &#8211; aug. 1995<\/td><\/tr><tr><td>Kadi Kask<br \/>(Lahesalu)<\/td><td>solfed\u017eo, \u00fcldained,<br \/>muusikalugu, eelklass<\/td><td>1987 talv &#8211; t\u00e4naseni<\/td><\/tr><tr><td>Hille Ibrus<\/td><td>solfed\u017eo<\/td><td>1989\/90 \u00f5.a.<\/td><\/tr><tr><td>Anu M\u00e4nnik<br \/>(Rebane)<\/td><td>fl\u00f6\u00f6t<\/td><td>sept. 1989 &#8211; veebr. 1990<\/td><\/tr><tr><td>Jaanika Pubulainen<\/td><td>akordion<\/td><td>05.jaan. 1990 &#8211; 1990 kevad<\/td><\/tr><tr><td>Toomas T\u00f5hk<\/td><td>fl\u00f6\u00f6t<\/td><td>01.m\u00e4rts 1990 &#8211; mai 1990<\/td><\/tr><tr><td>Evelin Kull<\/td><td>solfed\u017eo<\/td><td>1990 kevad<\/td><\/tr><tr><td>Merle T\u00f5hk<\/td><td>viiul???<\/td><td>01.veebr. 1990 &#8211; 20.apr. 1990<\/td><\/tr><tr><td>Aira Kattai<\/td><td>r\u00fctmika<\/td><td>1990\/91 \u00f5.a.<\/td><\/tr><tr><td>Eevi Hulkko<\/td><td>illustraator<\/td><td>sept. 1990 &#8211; 01.jaan. 1993<\/td><\/tr><tr><td>Laila Hakkaja<\/td><td>klaver, eelkool<\/td><td>sept. 1990 &#8211; 1997 kevad<\/td><\/tr><tr><td>Iivo Hakkaja<\/td><td>klarnet<\/td><td>sept. 1990 &#8211; 1997 kevad<\/td><\/tr><tr><td>Endel Purju<\/td><td>l\u00f6\u00f6kpillid, arvutimuusika,<br \/>VIA juht-illustraator<\/td><td>01.sept. 1992 &#8211; t\u00e4naseni<\/td><\/tr><tr><td>Siirius Sikka<\/td><td>akordion, laul,<br \/>eelklass, \u00fcldained<\/td><td>01.sept. 1995 &#8211; 16.sept. 2007<\/td><\/tr><tr><td>Ants L\u00e4\u00e4ts<\/td><td>kitarr, saksofon,<br \/>klarnet<\/td><td>01.sept. 1996 &#8211; t\u00e4naseni<\/td><\/tr><tr><td>Triin J\u00fcris<br \/>(Ojamaa)<\/td><td>klaver<\/td><td>veebr. &#8211; m\u00e4rts 1997<\/td><\/tr><tr><td>Irene Kordziejonek<\/td><td>solfed\u017eo, eelklass<\/td><td>jaan. &#8211; sept. 2000<\/td><\/tr><tr><td>Arvo Lamp<\/td><td>Abja MK direktor<\/td><td>apr. 2004 &#8211; mai 2006<\/td><\/tr><tr><td>Oleg Pissarenko<\/td><td>kitarr<\/td><td>2004\/05 \u00f5.a.<\/td><\/tr><tr><td>Vilja Vister<br \/>(enne Luuberg)<\/td><td>akordion, eelklass<\/td><td>01.sept. 2004 &#8211; 28.08.2008<\/td><\/tr><tr><td>Heiki Vungi<\/td><td>kitarr, trompet<\/td><td>01.sept. 2005 &#8211; t\u00e4naseni<\/td><\/tr><tr><td>Kertu Nellis (Kask)<\/td><td>solfed\u017eo, muusikaajalugu<\/td><td>25 august 2015.a.-29 juuli 2021.a.<\/td><\/tr><tr><td>Merili Kask<\/td><td>solfed\u017eo, muusikalugu<\/td><td>07 veebruar 2022<\/td><\/tr><\/tbody><\/table>\t\t\t\t\t\t\t\t<\/div>\n\t\t\t\t<\/div>\n\t\t\t\t\t<\/div>\n\t\t<\/div>\n\t\t\t\t\t<\/div>\n\t\t<\/section>\n\t\t\t\t<\/div>\n\t\t","protected":false},"excerpt":{"rendered":"<p>Abja Muusikakoolis t\u00f6\u00f6tanud \u00f5petajate nimekiri NIMI ERIALA T\u00d6\u00d6TAMISE AEG Kalle Tamra klaver, \u00fcldained 1961 s\u00fcgis &#8211; 1966 kevad Maie Tamra solfed\u017eo, klaver 1961 s\u00fcgis &#8211; 1966 kevad Olga Djukova klaver 1961 s\u00fcgis &#8211; 1964 kevad Rosalie Kannik(Ralja) akordion, dirigeerimine 1961 s\u00fcgis &#8211; 01.juuli 1992,15.jaan. 1997 &#8211; 08.10.2008 Sirje Seppel(Kuusk) klaver 1962 sept. &#8211; nov. Ivi-Heljo [&hellip;]<\/p>\n","protected":false},"author":2,"featured_media":0,"parent":0,"menu_order":0,"comment_status":"closed","ping_status":"closed","template":"elementor_header_footer","meta":{"footnotes":""},"class_list":["post-524","page","type-page","status-publish","hentry"],"yoast_head":"<!-- This site is optimized with the Yoast SEO plugin v27.3 - https:\/\/yoast.com\/product\/yoast-seo-wordpress\/ -->\n<title>Abja Muusikakoolis T\u00f6\u00f6tanud \u00d5petajad - Abja Muusikakool<\/title>\n<meta name=\"robots\" content=\"index, follow, max-snippet:-1, max-image-preview:large, max-video-preview:-1\" \/>\n<link rel=\"canonical\" href=\"https:\/\/huvikoolid.mulgivald.ee\/abja-muusikakool\/abja-muusikakoolis-tootanud-opetajad\/\" \/>\n<meta property=\"og:locale\" content=\"et_EE\" \/>\n<meta property=\"og:type\" content=\"article\" \/>\n<meta property=\"og:title\" content=\"Abja Muusikakoolis T\u00f6\u00f6tanud \u00d5petajad - Abja Muusikakool\" \/>\n<meta property=\"og:description\" content=\"Abja Muusikakoolis t\u00f6\u00f6tanud \u00f5petajate nimekiri NIMI ERIALA T\u00d6\u00d6TAMISE AEG Kalle Tamra klaver, \u00fcldained 1961 s\u00fcgis &#8211; 1966 kevad Maie Tamra solfed\u017eo, klaver 1961 s\u00fcgis &#8211; 1966 kevad Olga Djukova klaver 1961 s\u00fcgis &#8211; 1964 kevad Rosalie Kannik(Ralja) akordion, dirigeerimine 1961 s\u00fcgis &#8211; 01.juuli 1992,15.jaan. 1997 &#8211; 08.10.2008 Sirje Seppel(Kuusk) klaver 1962 sept. &#8211; nov. Ivi-Heljo [&hellip;]\" \/>\n<meta property=\"og:url\" content=\"https:\/\/huvikoolid.mulgivald.ee\/abja-muusikakool\/abja-muusikakoolis-tootanud-opetajad\/\" \/>\n<meta property=\"og:site_name\" content=\"Abja Muusikakool\" \/>\n<meta property=\"article:modified_time\" content=\"2024-11-19T20:19:10+00:00\" \/>\n<meta name=\"twitter:card\" content=\"summary_large_image\" \/>\n<meta name=\"twitter:label1\" content=\"Est. reading time\" \/>\n\t<meta name=\"twitter:data1\" content=\"4 minutit\" \/>\n<script type=\"application\/ld+json\" class=\"yoast-schema-graph\">{\"@context\":\"https:\\\/\\\/schema.org\",\"@graph\":[{\"@type\":\"WebPage\",\"@id\":\"https:\\\/\\\/huvikoolid.mulgivald.ee\\\/abja-muusikakool\\\/abja-muusikakoolis-tootanud-opetajad\\\/\",\"url\":\"https:\\\/\\\/huvikoolid.mulgivald.ee\\\/abja-muusikakool\\\/abja-muusikakoolis-tootanud-opetajad\\\/\",\"name\":\"Abja Muusikakoolis T\u00f6\u00f6tanud \u00d5petajad - Abja Muusikakool\",\"isPartOf\":{\"@id\":\"https:\\\/\\\/huvikoolid.mulgivald.ee\\\/abja-muusikakool\\\/#website\"},\"datePublished\":\"2023-01-05T14:04:13+00:00\",\"dateModified\":\"2024-11-19T20:19:10+00:00\",\"breadcrumb\":{\"@id\":\"https:\\\/\\\/huvikoolid.mulgivald.ee\\\/abja-muusikakool\\\/abja-muusikakoolis-tootanud-opetajad\\\/#breadcrumb\"},\"inLanguage\":\"et\",\"potentialAction\":[{\"@type\":\"ReadAction\",\"target\":[\"https:\\\/\\\/huvikoolid.mulgivald.ee\\\/abja-muusikakool\\\/abja-muusikakoolis-tootanud-opetajad\\\/\"]}]},{\"@type\":\"BreadcrumbList\",\"@id\":\"https:\\\/\\\/huvikoolid.mulgivald.ee\\\/abja-muusikakool\\\/abja-muusikakoolis-tootanud-opetajad\\\/#breadcrumb\",\"itemListElement\":[{\"@type\":\"ListItem\",\"position\":1,\"name\":\"Home\",\"item\":\"https:\\\/\\\/huvikoolid.mulgivald.ee\\\/abja-muusikakool\\\/\"},{\"@type\":\"ListItem\",\"position\":2,\"name\":\"Abja Muusikakoolis T\u00f6\u00f6tanud \u00d5petajad\"}]},{\"@type\":\"WebSite\",\"@id\":\"https:\\\/\\\/huvikoolid.mulgivald.ee\\\/abja-muusikakool\\\/#website\",\"url\":\"https:\\\/\\\/huvikoolid.mulgivald.ee\\\/abja-muusikakool\\\/\",\"name\":\"Mulgi valla huvikoolid\",\"description\":\"Muusikakool Abja-Paluojas\",\"potentialAction\":[{\"@type\":\"SearchAction\",\"target\":{\"@type\":\"EntryPoint\",\"urlTemplate\":\"https:\\\/\\\/huvikoolid.mulgivald.ee\\\/abja-muusikakool\\\/?s={search_term_string}\"},\"query-input\":{\"@type\":\"PropertyValueSpecification\",\"valueRequired\":true,\"valueName\":\"search_term_string\"}}],\"inLanguage\":\"et\"}]}<\/script>\n<!-- \/ Yoast SEO plugin. -->","yoast_head_json":{"title":"Abja Muusikakoolis T\u00f6\u00f6tanud \u00d5petajad - Abja Muusikakool","robots":{"index":"index","follow":"follow","max-snippet":"max-snippet:-1","max-image-preview":"max-image-preview:large","max-video-preview":"max-video-preview:-1"},"canonical":"https:\/\/huvikoolid.mulgivald.ee\/abja-muusikakool\/abja-muusikakoolis-tootanud-opetajad\/","og_locale":"et_EE","og_type":"article","og_title":"Abja Muusikakoolis T\u00f6\u00f6tanud \u00d5petajad - Abja Muusikakool","og_description":"Abja Muusikakoolis t\u00f6\u00f6tanud \u00f5petajate nimekiri NIMI ERIALA T\u00d6\u00d6TAMISE AEG Kalle Tamra klaver, \u00fcldained 1961 s\u00fcgis &#8211; 1966 kevad Maie Tamra solfed\u017eo, klaver 1961 s\u00fcgis &#8211; 1966 kevad Olga Djukova klaver 1961 s\u00fcgis &#8211; 1964 kevad Rosalie Kannik(Ralja) akordion, dirigeerimine 1961 s\u00fcgis &#8211; 01.juuli 1992,15.jaan. 1997 &#8211; 08.10.2008 Sirje Seppel(Kuusk) klaver 1962 sept. &#8211; nov. Ivi-Heljo [&hellip;]","og_url":"https:\/\/huvikoolid.mulgivald.ee\/abja-muusikakool\/abja-muusikakoolis-tootanud-opetajad\/","og_site_name":"Abja Muusikakool","article_modified_time":"2024-11-19T20:19:10+00:00","twitter_card":"summary_large_image","twitter_misc":{"Est. reading time":"4 minutit"},"schema":{"@context":"https:\/\/schema.org","@graph":[{"@type":"WebPage","@id":"https:\/\/huvikoolid.mulgivald.ee\/abja-muusikakool\/abja-muusikakoolis-tootanud-opetajad\/","url":"https:\/\/huvikoolid.mulgivald.ee\/abja-muusikakool\/abja-muusikakoolis-tootanud-opetajad\/","name":"Abja Muusikakoolis T\u00f6\u00f6tanud \u00d5petajad - Abja Muusikakool","isPartOf":{"@id":"https:\/\/huvikoolid.mulgivald.ee\/abja-muusikakool\/#website"},"datePublished":"2023-01-05T14:04:13+00:00","dateModified":"2024-11-19T20:19:10+00:00","breadcrumb":{"@id":"https:\/\/huvikoolid.mulgivald.ee\/abja-muusikakool\/abja-muusikakoolis-tootanud-opetajad\/#breadcrumb"},"inLanguage":"et","potentialAction":[{"@type":"ReadAction","target":["https:\/\/huvikoolid.mulgivald.ee\/abja-muusikakool\/abja-muusikakoolis-tootanud-opetajad\/"]}]},{"@type":"BreadcrumbList","@id":"https:\/\/huvikoolid.mulgivald.ee\/abja-muusikakool\/abja-muusikakoolis-tootanud-opetajad\/#breadcrumb","itemListElement":[{"@type":"ListItem","position":1,"name":"Home","item":"https:\/\/huvikoolid.mulgivald.ee\/abja-muusikakool\/"},{"@type":"ListItem","position":2,"name":"Abja Muusikakoolis T\u00f6\u00f6tanud \u00d5petajad"}]},{"@type":"WebSite","@id":"https:\/\/huvikoolid.mulgivald.ee\/abja-muusikakool\/#website","url":"https:\/\/huvikoolid.mulgivald.ee\/abja-muusikakool\/","name":"Mulgi valla huvikoolid","description":"Muusikakool Abja-Paluojas","potentialAction":[{"@type":"SearchAction","target":{"@type":"EntryPoint","urlTemplate":"https:\/\/huvikoolid.mulgivald.ee\/abja-muusikakool\/?s={search_term_string}"},"query-input":{"@type":"PropertyValueSpecification","valueRequired":true,"valueName":"search_term_string"}}],"inLanguage":"et"}]}},"_links":{"self":[{"href":"https:\/\/huvikoolid.mulgivald.ee\/abja-muusikakool\/wp-json\/wp\/v2\/pages\/524","targetHints":{"allow":["GET"]}}],"collection":[{"href":"https:\/\/huvikoolid.mulgivald.ee\/abja-muusikakool\/wp-json\/wp\/v2\/pages"}],"about":[{"href":"https:\/\/huvikoolid.mulgivald.ee\/abja-muusikakool\/wp-json\/wp\/v2\/types\/page"}],"author":[{"embeddable":true,"href":"https:\/\/huvikoolid.mulgivald.ee\/abja-muusikakool\/wp-json\/wp\/v2\/users\/2"}],"replies":[{"embeddable":true,"href":"https:\/\/huvikoolid.mulgivald.ee\/abja-muusikakool\/wp-json\/wp\/v2\/comments?post=524"}],"version-history":[{"count":98,"href":"https:\/\/huvikoolid.mulgivald.ee\/abja-muusikakool\/wp-json\/wp\/v2\/pages\/524\/revisions"}],"predecessor-version":[{"id":2669,"href":"https:\/\/huvikoolid.mulgivald.ee\/abja-muusikakool\/wp-json\/wp\/v2\/pages\/524\/revisions\/2669"}],"wp:attachment":[{"href":"https:\/\/huvikoolid.mulgivald.ee\/abja-muusikakool\/wp-json\/wp\/v2\/media?parent=524"}],"curies":[{"name":"wp","href":"https:\/\/api.w.org\/{rel}","templated":true}]}}